 + 0*s = 4*g - 10, 0 = -4*s + 2*g + 4. Suppose s*v - 97 = -16. List the prime factors of v.
3
Let k(w) = w + 2. Let y be k(0). Suppose y*n - 4*r - 51 = -5*r, -4*r + 4 = 0. List the prime factors of n.
5
Let l(f) be the first derivative of -f**5/20 - f**4/12 - f**3/6 + f**2/2 + 2*f - 2. Let r(c) be the first derivative of l(c). List the prime factors of r(-2).
7
Let j(a) = 3*a + 3*a - 3*a - 6 - 5*a. List the prime factors of j(-4).
2
Let i = -15 + 9. Let u(b) = -b + 1. What are the prime factors of u(i)?
7
Let s(h) = -35*h + 10. List the prime factors of s(-5).
5, 37
Suppose f = -5*p + 307 + 23, -330 = -5*p + 2*f. List the prime factors of p.
2, 3, 11
Suppose d + 3 = -0. Let m(q) = -q**2 - 2*q - 4. Let y be m(d). What are the prime factors of 2 - ((-2)/(-2) + y)?
2
Suppose v + a = 4, 0*v + 3*v + 9 = 4*a. Let l(i) = 11*i. List the prime factors of l(v).
11
Let q = -57 + 84. Suppose -3*p = 5*d - q, 19 = 5*p + 2*d - 26. List the prime factors of p.
3
What are the prime factors of ((-20)/(-1))/(6/12)?
2, 5
Suppose -5*l = -0*l. Suppose -3*v - 2*v + 10 = l, 40 = 3*c + 5*v. What are the prime factors of c/3*(-36)/(-15)?
2
Suppose 5*n - 40 + 165 = 0. Let m = 65 + n. List the prime factors of m.
2, 5
Let r(g) = -14 + 7 + 0 - 7*g + 4. List the prime factors of r(-3).
2, 3
Let b = 355 + -189. What are the prime factors of b?
2, 83
Suppose 0 = 5*x - 5*j - 65, j + 0 = 1. Suppose -18 - x = -2*p. What are the prime factors of p?
2
Let g(t) = -5*t**3 - t**2 + t. Let p be g(1). Let x = 6 + p. What are the prime factors of (20/(-25))/(x/(-5))?
2
Suppose -204 = -4*p - 4*w, 4*w - 7 = 2*p - 79. Suppose 10 = -3*c + p. What are the prime factors of c?
2, 3
Suppose 7*x + 4*j = 4*x + 758, -j = 2*x - 507. What are the prime factors of x?
2, 127
Let s(b) = -4*b - 4. Let c be s(-2). Suppose 0 = 3*j - c*j + 8. What are the prime factors of j?
2
Suppose 2*a - 4*a = 3*j - 26, 2*j - 4*a = 12. Let z = j + -11. Let l(b) = b**2 + 3*b + 4. List the prime factors of l(z).
2
Let v(n) = 5*n - 16. Let i(c) = c - 3. Let r(t) = -11*i(t) + 2*v(t). What are the prime factors of r(-7)?
2
Let s(f) = -f. Suppose 3*m + 21 = -3*k, 0*k + 3*k + m + 11 = 0. Let u be s(k). Suppose -5*t - 2*w = -47 - 7, u*t = -5*w + 30. List the prime factors of t.
2, 5
Suppose -w + 33 = k, 0 = -2*w + w - 2*k + 32. List the prime factors of w.
2, 17
Let b(u) = -u**2 - 6*u - 6. Let a be b(-4). Let z(t) = 0 + t + 0 - a. List the prime factors of z(4).
2
Let z(h) = h**2 - 1. Let a(x) = -x**3 - 3*x**2 - 4*x - 2. Let s(n) = a(n) - z(n). List the prime factors of s(-3).
2
Let a be (-2)/3 + 15/9. Suppose -4*v - 5*c = -21, -3*v = -2*c + a - 11. Suppose 0*r + 16 = v*r. List the prime factors of r.
2
Let m(l) = l**2 + 6*l - 8. Let u be m(-8). Let f = u + -5. List the prime factors of f.
3
Suppose 0 = -11*y + 336 + 82. What are the prime factors of y?
2, 19
Suppose -50 - 157 = -3*y. List the prime factors of y.
3, 23
Let p = -8 + 17. Let l = p + -54. List the prime factors of (l/10)/((-2)/8).
2, 3
Let p be (366/4)/((-3)/4). Suppose -5*a = 5 + 10. List the prime factors of a/15 - p/10.
2, 3
Let h = -35 + 73. What are the prime factors of h?
2, 19
Let p be 4/10 + (-4)/10. Suppose 0 = i - 5*j - 27, -3*j = -p*j + 15. Suppose -i*s + 16 = -4. What are the prime factors of s?
2, 5
Suppose 6*v + 0*v - 1206 = 0. List the prime factors of v.
3, 67
Suppose 9 = 5*p - 3*l, 2*l = p + 6*l - 11. Suppose 0 = -r + p*r - 4. What are the prime factors of r?
2
Let t be 1 - 0 - (1 + -5). Suppose 0 = f - 4 - t. Let h(d) = -d**3 + 10*d**2 - 8*d. What are the prime factors of h(f)?
3
Let d be (-1)/(-1) + 1/(-1). Suppose d*r - 15 = -r. Let u = -2 + r. List the prime factors of u.
13
List the prime factors of 2/(5 + -4)*32.
2
Suppose -8 = -4*a + i + i, 2*a = -3*i + 4. Suppose -6*c = -12 + 30. List the prime factors of a + 0 - (c + -10).
3, 5
Let m = 30 + 20. What are the prime factors of m?
2, 5
What are the prime factors of (1 - 1) + 840/20?
2, 3, 7
Let x(q) be the third derivative of q**6/120 + q**5/12 - q**4/4 + q**3/3 + q**2. What are the prime factors of x(-6)?
2
Suppose 0*s - 3*s = -96. Suppose -6*y = -2*y - s. What are the prime factors of y?
2
Let z(g) = 2*g + 2. List the prime factors of z(9).
2, 5
Let b be 28/(-7) - (-181)/1. Suppose b = x + 2*x. List the prime factors of x.
59
Let r be -5*(-1)/(1 + -2). Let n = 8 + r. Suppose 26 = 5*s - n*s. What are the prime factors of s?
13
Let z(g) = 3*g**2 + 9*g - 2 + g**2 - 5*g**2. What are the prime factors of z(8)?
2, 3
Let z(y) = -y**2 + 5*y + 8. Let s be z(6). Suppose h - 3*u = s*u + 12, 4*h - 10 = u. Suppose -f = -h*f + 4. What are the prime factors of f?
2
Suppose -w + 164 = 4*l + w, 12 = 3*w. What are the prime factors of l?
3, 13
Let c(u) = 11*u - 1. What are the prime factors of c(2)?
3, 7
Suppose 2 - 5 = -3*j. Let i be (6 - 8)/(14/10 - 1). List the prime factors of (i - -21) + 3*j.
19
Let x(o) = 1 - 4 + 4 - o. Let j be x(-4). Suppose -36 = -j*m + 24. List the prime factors of m.
2, 3
Let p(c) = 140*c**2 - 1. List the prime factors of p(-1).
139
Let l be (0 + 0)/(-6 - -5). Suppose l = -s - s + 8. List the prime factors of s.
2
Suppose -2*g + 1 = -7. What are the prime factors of (-32)/10*(-14 + g)?
2
Let i = 3 - -3. Let q be (6/(-4))/(i/32). Let m = 15 + q. List the prime factors of m.
7
Suppose -4*u + 13 = -3*c + u, -10 = -2*u. Suppose -5*l = -c*y + 76, 0*l - 40 = -4*y - 4*l. List the prime factors of y.
2, 7
Suppose -u + 184 = -5*u. Suppose 5*m + 5*i = -135, 0*m - 3*m + i = 97. Let n = m - u. What are the prime factors of n?
3, 5
Suppose -4*q = -5*h - 309, -3*q - h = h - 249. Suppose -4*o - 25 = -q. What are the prime factors of o?
2, 7
Suppose 5*k = -91 + 686. What are the prime factors of k?
7, 17
Let h(p) = 50*p. Let t be h(1). Let d = t - 28. List the prime factors of d.
2, 11
Suppose 370 = u + 4*u. Let b = u + -48. What are the prime factors of b?
2, 13
Let n(u) = u**3 - 7*u**2 + 7*u - 1. Let c be n(6). Suppose -4*l = 3*z - 155, c*l - 2*l - 5*z = 138. What are the prime factors of l?
41
Suppose 0 = -5*j + 4*i + 95, 2*j + 8*i = 3*i + 38. Suppose -j = -5*p + s + 4, 23 = 2*p - 5*s. List the prime factors of p.
2
Let a(k) = -7*k - 32. List the prime factors of a(-15).
73
Let y = -211 - -386. List the prime factors of y.
5, 7
Suppose 4*f - 17 = 3. Let k(x) = -x + 7. Let m be k(f). Suppose -m*i + 24 = 6. What are the prime factors of i?
3
Let i(v) = 2*v**2 + 4*v + 4. Suppose -6*s + s - 15 = 0. List the prime factors of i(s).
2, 5
Let q = -22 + 40. Suppose -3 = 4*r + 2*y - 9, 3*y + q = 3*r. List the prime factors of ((-18)/r - -3) + 9.
2, 3
Suppose -h - 4*p - 17 = -2*h, -5*h = p + 20. Let f(v) = 3*v**2 - 6. What are the prime factors of f(h)?
3, 7
Let w(c) = -c**2 - 2*c + 12. List the prime factors of w(0).
2, 3
Let y = 17 + 6. What are the prime factors of y?
23
Suppose -2*g = -6 - 2. Let z = 7 - g. Suppose 0 = -z*b + 7 + 14. What are the prime factors of b?
7
Let l = 8 - 3. Let o(z) = z**2 - 3. What are the prime factors of o(l)?
2, 11
Let v = 6 - 2. Let z be (-9)/3 + (v - 1). Suppose -3*m + 70 = -5*a, -3*m + 3*a - 6 + 66 = z. List the prime factors of m.
3, 5
Let g = 2 - 0. Suppose -4*m + 48 = -g*j + 4*j, 5*j - 120 = -4*m. Let v = -16 + j. What are the prime factors of v?
2
What are the prime factors of (-1016)/14*-1 - 3/(-7)?
73
Let m = 0 + 2. Let o(n) = 4*n**2 - n. List the prime factors of o(m).
2, 7
Let b = 6 - 10. List the prime factors of (-112)/b + 2/(-1).
2, 13
Let d = 5 + -7. Let z be (7 + d)/(1/1). Suppose -l - k = 2, 2*l + z*k - k = -12. What are the prime factors of l?
2
Suppose 2*u = 5*f - 21, -u + 2 - 15 = -3*f. Let c(i) = 6*i - 6. What are the prime factors of c(f)?
2, 3
Suppose -61 = -2*l + 3*m, -3*l - 3*m - 157 = -8*l. What are the prime factors of l?
2
Let l be (2 - 2)/(0 + 2). Let z be (-1)/(1 - l) + 4. Suppose -4*p - z*k = -6*p + 31, 0 = 5*p + 4*k - 43. List the prime factors of p.
11
Suppose -6*j + 3 = -5*j, 2*j + 393 = 3*b. List the prime factors of b.
7, 19
Let d = 6 - -9. Suppose 3*a = -a. Let x = d - a. List the prime factors of x.
3, 5
List the prime factors of 3/9*(-9)/6*-460.
2, 5, 23
Suppose 2 = -6*c + 2*c + 5*h, -c = 5*h - 12. Let j be -2 - (2 + 1 + 1). Let b = c - j. What are the prime factors of b?
2
Suppose 8 = 5*o - 4*o. What are the prime factors of 